k is divided by z?
12
Suppose -a + i = -25, -a - 92*i = -87*i - 31. Calculate the remainder when 308 is divided by a.
22
Let r = 137 - 12. Suppose 6*w = 3*w + 5*c + 75, 5*w = 5*c + r. What is the remainder when w is divided by 17?
8
Suppose -3*q + 243 = -3*y, -q - 4*y = -0*q - 71. Suppose 16*x = -51*x + 70350. Let k = x - 1022. What is the remainder when q is divided by k?
23
Let u = 4302 + -4255. Calculate the remainder when 143 is divided by u.
2
Let n(y) = -y + 1. Let g(t) = -7*t**2 + t. Let b(i) = -g(i) - n(i). Calculate the remainder when b(2) is divided by 8/(-5 + -3) - -6.
2
Suppose 0 = 3148*v - 3196*v + 528. Calculate the remainder when 3009 is divided by v.
6
Let v(u) be the second derivative of -u**5/10 - 5*u**4/6 - 7*u**3/6 + 9*u**2/2 + 8*u - 8. What is the remainder when 6 is divided by v(-4)?
1
Suppose -40 = -2*d - 5*x, 52*d = 50*d + x + 16. What is the remainder when 1918 is divided by d?
8
Suppose -4*d - 6*p + 3*p + 45 = 0, 15 = 5*p. Suppose 19 + d = c. Suppose -5*q + 3*q = -c. What is the remainder when 20 is divided by q?
6
Let u(s) = 3*s**3 - 5*s**2 - 3*s + 16. Let c be u(3). Suppose 0 = -16*p + 101 + c. Suppose 2*v - 1 = 51. Calculate the remainder when v is divided by p.
8
What is the remainder when 23/23*(684 - -1) is divided by 86?
83
Suppose -151 = 24*z + 89. Calculate the remainder when 232 is divided by (-20)/(-16)*(-40)/z.
2
Suppose -8*g + 4*g + 40 = 0. Let x = g - 4. Suppose -4*w + x*w = 40. Calculate the remainder when 96 is divided by w.
16
Suppose -5*o + 109 = 2*g, 20*g - 18*g - o - 91 = 0. Calculate the remainder when 194 is divided by g.
6
Suppose 24 = -c - 2*s, 2*c + 38 = 6*s - 5*s. Let d(m) = -2*m - 12. Calculate the remainder when 121 is divided by d(c).
9
Let d(a) = a**3 - a**2 - 3*a + 378. What is the remainder when d(0) is divided by (-1)/(-3) + 295/15?
18
Let d = -23 - -8. Suppose -2*j + 14 = -2*g, 2*j + 2 = -4*g - 2. Calculate the remainder when 17 is divided by ((-6)/j)/(d/40).
1
Let u = 2229 - 1750. What is the remainder when u is divided by 11?
6
Let y(n) = -30*n - 1966. Calculate the remainder when 255 is divided by y(-67).
35
Let b(w) = 5*w**2 + 5*w - 8. What is the remainder when b(2) is divided by -5*5/(-25) + 3?
2
Suppose -2284 = -h - 25*u + 26*u, -3*h + 6855 = -2*u. Calculate the remainder when h is divided by 23.
10
Let x(m) = 2*m**2 - 4*m + 3. Suppose 2*k - 4*o = 102, -57 = 30*k - 31*k - 4*o. What is the remainder when k is divided by x(3)?
8
Let a(n) = n**2 - 12. Suppose 2*i - 3 - 9 = 0. Calculate the remainder when a(i) is divided by (-2 + -1)/(6/(-168)*6).
10
Let i = 3823 - 3182. What is the remainder when 642 is divided by i?
1
What is the remainder when 2*202/((-2)/198*-12) is divided by 12?
9
Let f(p) = 2*p**2 - 6*p + 3. Let d be f(4). Suppose d*c - 9*c - 274 = 0. Suppose v - 56 = -v. Calculate the remainder when c is divided by v.
25
Let b(a) = -3*a - 28. Let x be b(-7). Let g(t) = -t**3 + 9*t**2 - 8*t + 17. Calculate the remainder when g(x) is divided by 78.
77
Suppose 4*o - 465 = 167. Suppose -5*t - 391 = 3*h, -t = -5*h + t - 662. Let s = 159 + h. What is the remainder when o is divided by s?
23
Calculate the remainder when -3 + 9 + (3 + -46)*-9 is divided by 36.
33
Let g(j) = -2*j**2 - 164*j - 2287. Let a = 37 - 13. What is the remainder when a is divided by g(-18)?
7
Let r be ((-2)/(-3))/((-92)/(-966)). Let j(i) = 9*i**2 - 17*i + 7. Calculate the remainder when j(r) is divided by 66.
65
Suppose -5*y + 142 = 3*o + 66, 5*o - y = 80. Calculate the remainder when 4521 is divided by o.
16
Suppose 493*v - 504*v = -814. What is the remainder when 427 is divided by v?
57
Suppose 5*a - 5*b + 2*b + 42 = 0, -a + 3*b - 18 = 0. What is the remainder when 20/a*84/(-5) is divided by -10 + 24 - (0 + (-1)/1)?
11
Suppose 2*c + 650 - 100 = 9*i, 3*i - 165 = -3*c. What is the remainder when 1259 is divided by i?
59
Suppose -b + 17 = -0. Suppose -1930 - 644 = -9*d. Calculate the remainder when d is divided by b.
14
Suppose 0 = -z + 362 + 115. Let k = z - 453. What is the remainder when 44 is divided by k?
20
What is the remainder when 591 is divided by (-15309)/(-72) - (1/5)/((-32)/60)?
165
Let o(g) be the second derivative of g**5/20 + 5*g**4/4 + 2*g**3 - 5*g**2 + 44*g. What is the remainder when 68 is divided by o(-14)?
14
Let i(h) = 2*h**3 - 6*h**2 - 4*h + 26. Let s = -307 - -353. Calculate the remainder when s is divided by i(3).
4
Let w = -483 - -229. Let q = 291 + w. What is the remainder when 143 is divided by q?
32
Let w = 153 + -151. What is the remainder when -53*(-1)/1 - 1 is divided by 4/(-8)*w*-19?
14
Let w be 16/56 + 110/7. Suppose -4*d = w, 0 = -14*p + 15*p + 2*d - 47. What is the remainder when 273 is divided by p?
53
Let u = -17 - -37. Calculate the remainder when (((-1)/2)/1)/((-82)/13612) is divided by u.
3
Suppose 0 = 4*m - 5*m + 4*v - 2, 6 = 4*m - 2*v. Suppose -5*n - b = -132, 3*n + 5*b - 36 = m*n. What is the remainder when 100 is divided by n?
22
Let g = -55 - -77. Let h(r) = 18*r + 1857. Calculate the remainder when g is divided by h(-103).
1
Calculate the remainder when ((-1404161)/(-187) + 10/85)/((-6)/(-4)) is divided by 33.
23
Let k be (-9 - 12) + -1 + 4. Calculate the remainder when (-4 + 2 - 8)*-2 is divided by (-256)/(-36) + (-3 - 52/k).
6
Suppose 7*c = -0*c - 14. Let w be 45/(-18)*(0/c + -2). Suppose -2*n = -4*t + 120, w*t = 2*n - 0*n + 148. Calculate the remainder when t is divided by 6.
4
Let s = 123 + -156. Calculate the remainder when (s/(-11))/(6/262) is divided by 19.
17
Let i = 35776 + -35699. Calculate the remainder when 10625 is divided by i.
76
Suppose 2*c + 4*r = 190, 4*c - 2*r - r - 347 = 0. What is the remainder when 214 is divided by c?
36
Let z(s) = -2*s**2 + 35*s + 161. Let x be z(24). Let d be 2264/14 + (-6)/(-21). Let h = d + x. What is the remainder when 28 is divided by h?
6
Let b(j) = 2*j**3 - j**2 + 39*j - 101. Calculate the remainder when 486 is divided by b(3).
59
Suppose 56*c = 70*c - 37212. What is the remainder when c is divided by 20?
18
Suppose -7*k + 12*k + 6350 = 5*m, 2*m + 3*k - 2555 = 0. Calculate the remainder when m is divided by (28/(-8))/(3 - 215/70).
48
Let z be (-90)/(-36)*9*(-6)/15. Let i = 280 + z. Calculate the remainder when i is divided by 25.
21
Let j(z) = -8*z**3 - 5*z**2 + 2*z - 2. Let t be j(-4). Suppose 7*f = -272 - 1366. Let k = f + t. Calculate the remainder when k is divided by 38.
36
Suppose -20*z - 161 = -661. Calculate the remainder when 549 is divided by z.
24
Suppose 0 = 93*h + 82*h - 2596 - 3179. Calculate the remainder when (-178)/2*(-4)/2 is divided by h.
13
Let b be 153/12 - 11/(-44). Calculate the remainder when 163 is divided by (-31150)/(-650) + 1/b.
19
Suppose 472*v = 465*v + 322. Let t(s) be the second derivative of s**3/6 + 3*s**2/2 - 2*s. Calculate the remainder when v is divided by t(5).
6
Suppose -34*h + 2145 - 489 = -10*h. What is the remainder when 108 is divided by h?
39
Suppose -5*c - 4*u = 22, -6*c + 5*u - 40 = -c. What is the remainder when 156 is divided by 7 + 110/5 + c?
18
Let o(g) = -159 - 155 + 331 + 2*g**2 - 2*g. Let d be o(-6). Let w = d - 78. Calculate the remainder when w is divided by 8.
7
Let u be (3/5)/((-45)/1575). Suppose 2*g - 2*z = 76, -73 - 44 = -4*g - 3*z. Calculate the remainder when g is divided by u/(-14)*42/9.
5
Suppose 0 = -u + i - 2, -i - 3*i = -16. Suppose -4*a = q - 66, -u = 2*a - 4. What is the remainder when q is divided by 7?
6
Let y(q) = 13*q + 17. Let d(r) = -r + 1. Let h(n) = -5*d(n) + y(n). What is the remainder when h(2) is divided by 13?
9
Suppose -k + 10 = b, -28*k + 26*k + 3*b = -60. Suppose -7*r + 252 = -3*r. What is the remainder when r is divided by k?
9
Let p = -203 - -232. Suppose 36*l - p = 79. What is the remainder when 197 is divided by l?
2
Let j(v) = 1105*v**2 + 51*v + 52. Calculate the remainder when j(-1) is divided by 10.
6
Suppose 3*k + 996 = 9*k. Suppose -3*i + 11 = b - 0, 13*b = -2*i + 106. Calculate the remainder when k is divided by b.
6
Suppose -72 = 2*u - 4*q, q = 2*u + 67 - 1. Let a = u - -50. Calculate the remainder when a is divided by 8.
2
Suppose -16*p + 174 = 446. Let y = 34 + p. What is the remainder when 97 is divided by y?
12
Let d(x) = -5*x**2 + 30*x + 45. Calculate the remainder when 2427 is divided by d(7).
7
Suppose 8540 = -